t t(u) = -u + 6. Is t(-8) composite?
True
Suppose 2*v + 4080 = 3*b + v, 5*b - v = 6802. Is b composite?
False
Suppose -3*v + 0 = -9. Suppose v*s - 8*s = 515. Let l = -50 - s. Is l prime?
True
Suppose 3*j - 2*x - 11959 = 0, 2*j - 8*x - 7958 = -3*x. Is j a composite number?
False
Let g(o) = 22*o - 4. Let y be g(-5). Suppose 0*s = s - 5*f - 171, 0 = 4*s + f - 768. Let h = s + y. Is h a composite number?
True
Let k(u) = -u**3 - 6*u**2 - 9*u - 25. Is k(-9) a composite number?
True
Let j = -27 + 104. Is j prime?
False
Suppose -3*h - 2 = 4. Is (-74)/(-5) - h/10 composite?
True
Let g(n) = -n**3 + n**2 - n. Let i(l) = -2*l**3 - 3*l**2 - 4*l - 7. Let u(q) = 3*g(q) - i(q). Is u(5) prime?
True
Let k be ((-12)/(-15))/(4/(-70)). Let m = k + 21. Is m composite?
False
Let o(a) = 7*a**2 - 2*a - 4. Let i be o(6). Suppose 0*t - 4*t + 436 = 0. Let l = i - t. Is l a prime number?
True
Suppose -5*q + 5 = 2*i, 2*q + 4*i + 14 = -0*q. Suppose 3*y = -g - 4, q*y = 4*g + 2*y - 10. Suppose 3*r + 3 = -5*h + 11, -h = g. Is r a composite number?
True
Suppose 0*z + 4*z - 8 = 0. Let y(w) = 79*w**2 + w - 1. Is y(z) prime?
True
Suppose 8*j = 6*j + 4. Is 2/(-4 + j)*-53 a prime number?
True
Suppose -3*c - 4 = 11, -2*q - 1048 = 4*c. Let o = -101 - q. Is o prime?
False
Suppose 0 = b - 4*b - 237. Let o = -46 - b. Is o a composite number?
True
Suppose 4*p = 0, -2*w = 3*p - 7*p - 236. Suppose 5*j - w = 67. Is j composite?
False
Let x(u) = u**2 - 9*u - 3. Let k be x(9). Let y = k + 3. Is y + 4 + 0 + 2 prime?
False
Let l be ((-12)/(-10))/((-6)/(-2780)). Let u(x) = x + 2. Let o be u(3). Suppose 4*i = i - 3, -i - l = -o*r. Is r a composite number?
True
Suppose -5*o - 1866 = -h, 2*o + 5 = o. Is h a prime number?
False
Let i be (-158)/(-8) + (-3)/(-12). Suppose 3*u + a = 134, 4*u - 94 - 74 = -4*a. Let v = u - i. Is v a composite number?
True
Suppose -t - 4 = 3*t, 0 = 5*r + 3*t - 1902. Is r a prime number?
False
Suppose -n + 12 = 3*n. Let k = 3 - n. Suppose k = -j + 4*j - 12. Is j composite?
True
Let c = 8 - 12. Let m be -4 + -2 - c/2. Is 22/m*(-2)/1 a prime number?
True
Let c = -303 + 664. Is c prime?
False
Suppose 0 = -4*u - 12 - 8. Let z = 4 + u. Let x = 5 - z. Is x a composite number?
True
Let o(v) = -v**3 - 8*v**2 + 5. Let p be -4 + -5 - (-2 + 1). Let y be o(p). Let q(g) = 7*g + 2. Is q(y) a prime number?
True
Suppose 0 = 3*a + 5*p + 15, -2*p + 2 - 8 = 4*a. Suppose a = -x + i + 39, 3*x + 2*i = -i + 93. Is x prime?
False
Suppose -3*o + 16 = 3*r - 2, 3*o + 7 = 2*r. Suppose g + 3 = 2, 5*x = -r*g + 770. Is x composite?
True
Suppose -2*h = -133 - 201. Is h a prime number?
True
Is ((-5)/(-15))/(2/894) prime?
True
Let g = 6 - 1. Suppose -6*b + 103 = -g*b. Is b a prime number?
True
Let o = 148 + 173. Is o a composite number?
True
Let t(o) = 129*o**2 - 2. Let k(u) = 64*u**2 - 1. Let d(i) = -5*k(i) + 3*t(i). Let x be d(1). Suppose -r + 13 + x = 0. Is r prime?
True
Let r(y) be the second derivative of -y**5/20 - y**4/4 + y**3/2 + 2*y**2 - 9*y. Is r(-7) prime?
True
Suppose 0 = 3*h + h - 6692. Is h composite?
True
Suppose -20 = -5*z, -2*z = -0*x - 2*x + 226. Is x/5 - 12/30 a composite number?
False
Let t = 358 + -245. Is t prime?
True
Let g = -6 + 3. Let i(o) = -4*o - 3. Let t be i(g). Suppose -t = -v - r, 3*v - 43 = -3*r + 4*r. Is v prime?
True
Let d be ((-6543)/(-2))/(-3)*2. Let n = 3562 + d. Is n a prime number?
True
Let u(o) = o**2 - 5*o + 2. Let y be u(-5). Suppose -3*b - b + y = 0. Is b a composite number?
False
Let x(k) = k**3 - 8*k**2 + 9*k - 8. Let g be x(7). Suppose -3*q + 27 = 3*r, -r + 2*r = 2*q - g. Suppose 0 = -4*a - q + 17. Is a composite?
False
Let q(d) be the second derivative of d**5/10 - d**4 + d**3/6 + d**2/2 + 5*d. Is q(8) a composite number?
True
Let b(n) = -2*n + 10. Is b(-12) a composite number?
True
Suppose 16 = -4*j - 4*x, 5*x - 2*x = 4*j - 12. Is 79/1 + j/2 composite?
False
Let x(u) = -3*u + 4*u**3 - 6 + 1 - 6*u**3 - 1. Is x(-3) a prime number?
False
Let y be 5 + 0 - 0/(-1). Suppose -6 = -y*g + 4. Suppose 3*p = -5*u + 278, 5*u - g*p - 403 + 130 = 0. Is u composite?
True
Suppose -3*h = 4*v - 9*v - 61, h - 53 = 4*v. Is v/(-6)*(136 - 7) a prime number?
False
Let x(d) = -8*d + 7. Let w be x(-5). Suppose -3*h + 118 = -w. Suppose -4*j - 2*l = 2*l - 28, 0 = -4*j + 5*l + h. Is j prime?
False
Suppose t - 3*t - 3759 = -5*w, -t = 2. Is w prime?
True
Let x(b) = -2*b**3 - 4*b**2 + 5*b - 4. Let j(t) = 3*t**3 + 3*t**2 - 5*t + 3. Let u(p) = 3*j(p) + 4*x(p). Is u(8) composite?
False
Suppose 1 + 1 = -h. Is h/(6/(-93)) + 0 a prime number?
True
Let g = -3 - -3. Let t = g - -2. Suppose 3*q = t*b + b + 246, -25 = 5*b. Is q a composite number?
True
Let v = 262 - 83. Is v prime?
True
Let k = 8 + -11. Let d(l) = -9*l - 4. Is d(k) prime?
True
Let r(a) = -a**2 + 9*a + 2. Let l be r(9). Let t be l/3 - 19/(-3). Suppose 0 = -4*n + 3*n + 4*h + t, -5*n + 35 = 4*h. Is n prime?
True
Let f = 303 + 1264. Is f prime?
True
Suppose -12*s + 1095 = -7*s. Let q = s + 46. Is q prime?
False
Suppose 3*f - 43 - 118 = 4*o, 208 = 4*f - 4*o. Suppose -3*i - f = -4*i. Is i a composite number?
False
Let w = 6 - 4. Suppose -z + 4 = w. Suppose -4*j - 47 = -3*m, z*m - 2*j + 0*j - 30 = 0. Is m prime?
True
Is -8*(-4)/8 + -1 a prime number?
True
Is (1 + (-2570)/4)/((-32)/64) prime?
True
Let t = 17986 + -12573. Is t a prime number?
True
Suppose -4*k - 92 = -8*k. Suppose l - 14 = -0*l. Suppose y = k + l. Is y prime?
True
Let n(a) = a**3 + 8*a**2 + 3*a - 7. Let k be n(-6). Let c = 66 - k. Is c prime?
True
Let k(c) = -5*c**3 - 2*c**2 - c. Let f be k(-1). Suppose 322 = -f*s + 1310. Is s composite?
True
Let f = 36 + 72. Let t be (f/(-15))/(4/(-30)). Let l = t - 19. Is l composite?
True
Is 42/(-189) + 6790/18 a composite number?
True
Is 4 + (2 - (0 - 16)) prime?
False
Let r(b) = -b**3 - b**2 - b + 191. Let c be 1 + -3 - (-11 - -9). Is r(c) composite?
False
Suppose 0 = 4*j - 276 - 6352. Is j a prime number?
True
Let d be (-41)/(-3) + (-8)/12. Suppose 0 = y + 3 - d. Is y a composite number?
True
Suppose 4*x = 4*o + 4 + 20, 5*x + 3*o + 2 = 0. Suppose -x*t - 24 = -6*t. Suppose t*s = s + 255. Is s a prime number?
False
Let m(o) = 85*o**2 - 3 + 3*o + 2 - 4*o - 4*o. Is m(-5) a prime number?
False
Let d(v) = 3*v**2 - 3*v + 21. Is d(10) a composite number?
True
Suppose -w + 180 = 3*w + 4*b, 152 = 4*w - 3*b. Suppose -45 = -i - 4*t, 2*i + 5*t = w + 55. Is i composite?
False
Suppose -4*p + 635 = 4*a - 437, 539 = 2*a + 3*p. Suppose -2*x = 3*x + a. Let s = -38 - x. Is s prime?
False
Let x(c) = 2*c**2 + 4*c - 4. Let t be x(7). Suppose 509 = a + 3*w, -1914 - t = -4*a - 4*w. Is a prime?
True
Let k(m) = -7*m**3 - 13*m**2 - 13*m - 9. Let l(b) = -8*b**3 - 14*b**2 - 14*b - 8. Let d(o) = 6*k(o) - 5*l(o). Is d(-6) composite?
True
Let a be 9/(-2)*(-8)/12. Suppose 0*l + 90 = a*y - 3*l, y - 4*l = 18. Suppose 0 = -2*f - 4 + y. Is f a composite number?
True
Let n be ((-28)/(-16))/(1/(-4)). Let w be (-2)/n - 6/21. Suppose 2*k + 70 = 2*x + 3*k, 4*x - k - 152 = w. Is x a composite number?
False
Let d = -135 - -74. Let m be 1 - (d - 4/2). Is 2 + (m/1)/2 a composite number?
True
Let q be -1 - (4 + -3)*5. Let i(k) = 5*k**2 - 7*k + 1. Is i(q) a prime number?
True
Suppose 0 = -4*d + 12, 4*g + 46 = 2*d - 0*d. Let a(j) = j + 13. Let o be a(g). Suppose -o*p - 165 = -8*p. Is p a prime number?
False
Is (10 - (-112)/(-12)) + (-676)/(-3) composite?
True
Let y(o) = 42*o + 1. Is y(8) composite?
False
Let k(i) = i**2 + 7*i + 9. Let q be k(-6). Suppose -h = q*c - 301, -3*h + 5*c + 992 = 61. Is h a composite number?
False
Let u = 1036 + 115. Is u composite?
False
Suppose s + 3*z = -6, 4*z = 5*s - 44 - 2. Suppose -4*j - 4 = -s*j. Suppose 2*m - 4*y - 8 = j, -2*y = 4*m - 70. Is m prime?
False
Let u = 650 + -259. Is u a prime number?
False
Let h(l) = 12*l - 10*l + 1 + 0*l + 19*l. Let x be h(2). Suppose 2*j = 127 + x. Is j a prime number?
False
Let j(y) = 4*y + 4 - y**2 + 5*y + 1. Let k = -20 + 27. Is j(k) a prime number?
True
Let l(h) = -h**3 - 4*h**2 + 6*h - 1. Let r be l(-5). Let o = 6 + r. Suppose -3*t + 30 = -o*t. Is t a composite number?
True
Suppose -5*j = 5*n - 15, 5*j - 3*n + 0*n - 15 = 0. Suppose 6*b - j*b + 18 = 0. Let p = 12 + b. Is p composite?
True
Let m = 535 + -1506. Let s = 1456 + m. Is s composite?
True
Let u = -998 - -1425. Is u prime?
False
Is -2234*2/(-4) - -4 pri